{"id":34,"date":"2021-08-24T19:20:44","date_gmt":"2021-08-24T19:20:44","guid":{"rendered":"http:\/\/smilefreiburg.de\/?page_id=2\/?page_id=34"},"modified":"2021-08-24T23:17:11","modified_gmt":"2021-08-24T23:17:11","slug":"ssc","status":"publish","type":"page","link":"https:\/\/smilefreiburg.de\/?page_id=34","title":{"rendered":"SSC"},"content":{"rendered":"\n<h1 class=\"has-text-align-center has-vivid-red-color has-text-color wp-block-heading\"> <strong>Safe, sane and consensual <\/strong><\/h1>\n\n\n\n<p><\/p>\n\n\n\n<p class=\"has-text-align-center has-white-color has-text-color has-large-font-size\">SMile Freiburg bekennt sich ausdr\u00fccklich zu SM nach den Grunds\u00e4tzen: Safe, sane and consensual:<br>Sicher,<br>mit gesundem Menschenverstand<br>und freiwillig. Safe<br>bedeutet f\u00fcr uns das Wissen um gesundheitlich unbedenkliches Agieren, Sane<br>steht f\u00fcr die vern\u00fcnftige und spa\u00dfvolle Aktion zwischen Menschen im Vollbesitz ihrer geistigen Kr\u00e4fte, die zwischen ihrer Fantasiewelt und der Realit\u00e4t durchaus unterscheiden k\u00f6nnen, und Consensual<br>hei\u00dft, Alles geschieht im gegenseitigen Einvernehmen der handelnden Personen. Freiwilligkeit, Einvernehmlichkeit und Sicherheit sind also unbedingte Voraussetzungen f\u00fcr erotischen, lehrreichen und am\u00fcsanten SM. Zur Freiwilligkeit geh\u00f6rt zumindest eine Ahnung \u00fcber die eigenen Grenzen. Das Wissen \u00fcber n\u00f6tige Sicherheit bedingt aber fundierte Information \u00fcber M\u00f6glichkeiten und Risiken der verschiedenen Praktiken. Deshalb stellen wir uns allen Bestrebungen entgegen, den freien Austausch von Fantasien, Erfahrungen und Sicherheitsinfos, sei es in Form von Texten oder Bildern, unter dem Motto &#8222;No Porno&#8220; oder &#8222;Keine Gewalt&#8220; zu behindern oder zu verbieten! Anders ausgedr\u00fcckt:<br>Reale Vergewaltigung oder allt\u00e4gliche Gewalt gegen Kinder, Frauen und M\u00e4nner hat mit SM nichts zu tun ! SM-PartnerInnen handeln aus freiem Willen, sie agieren einvernehmlich, bringen sich Vertrauen entgegen und sind auf freien Informationsfluss angewiesen. Diese &#8222;Verhandlungsethik&#8220; ist eine der Errungenschaften der sadomasochistischen Subkultur. Statt einer f\u00fcr alle geltenden Moral, die gewisse Handlungen erlaubt und andere verbietet, betont sie die individuelle Verantwortung der Beteiligten und verankert ethische Rahmenbedingungen, um Missbrauch auszuschliessen. Die Ausgestaltung dieser Rahmenbedingungen, inwieweit z.B. Dominanz und Demut in den Alltag \u00fcbergreifen d\u00fcrfen, bleibt den Beteiligten \u00fcberlassen. Vertrauen und Respekt gegen\u00fcber dem Partner sind die wichtigsten Grundlagen f\u00fcr das, was wir unter SadoMasochismus verstehen!<\/p>\n","protected":false},"excerpt":{"rendered":"<p>Safe, sane and consensual SMile Freiburg bekennt sich ausdr\u00fccklich zu SM nach den Grunds\u00e4tzen: Safe, sane and consensual:Sicher,mit gesundem Menschenverstandund freiwillig. Safebedeutet f\u00fcr uns das Wissen um gesundheitlich unbedenkliches Agieren, Sanesteht f\u00fcr die vern\u00fcnftige und spa\u00dfvolle Aktion zwischen Menschen im Vollbesitz ihrer geistigen Kr\u00e4fte, die zwischen ihrer Fantasiewelt und der&#8230;<\/p>\n","protected":false},"author":1,"featured_media":0,"parent":0,"menu_order":2,"comment_status":"closed","ping_status":"closed","template":"","meta":{"footnotes":""},"_links":{"self":[{"href":"https:\/\/smilefreiburg.de\/index.php?rest_route=\/wp\/v2\/pages\/34"}],"collection":[{"href":"https:\/\/smilefreiburg.de\/index.php?rest_route=\/wp\/v2\/pages"}],"about":[{"href":"https:\/\/smilefreiburg.de\/index.php?rest_route=\/wp\/v2\/types\/page"}],"author":[{"embeddable":true,"href":"https:\/\/smilefreiburg.de\/index.php?rest_route=\/wp\/v2\/users\/1"}],"replies":[{"embeddable":true,"href":"https:\/\/smilefreiburg.de\/index.php?rest_route=%2Fwp%2Fv2%2Fcomments&post=34"}],"version-history":[{"count":10,"href":"https:\/\/smilefreiburg.de\/index.php?rest_route=\/wp\/v2\/pages\/34\/revisions"}],"predecessor-version":[{"id":73,"href":"https:\/\/smilefreiburg.de\/index.php?rest_route=\/wp\/v2\/pages\/34\/revisions\/73"}],"wp:attachment":[{"href":"https:\/\/smilefreiburg.de\/index.php?rest_route=%2Fwp%2Fv2%2Fmedia&parent=34"}],"curies":[{"name":"wp","href":"https:\/\/api.w.org\/{rel}","templated":true}]}}